 -3. What is the units digit of ((-4)/(-14))/(z/n)?
2
Let d = 15 + -13. Suppose -29 = -5*l + f + 104, -d*f = l - 31. What is the tens digit of l?
2
Suppose 12*g + 26*g = 9310. What is the tens digit of g?
4
What is the units digit of (-18)/(-27) - 5/((-45)/5871)?
3
Suppose 11*q - 33 = -0*q. Suppose q*d + 2*f - 103 = 3*f, -3*f + 31 = d. What is the tens digit of d?
3
Suppose -5*x - 374 = -5*t + 1181, -4*t + 1235 = -x. What is the units digit of t?
8
Suppose -5*k = -2*k + 996. Let o = 528 + k. What is the hundreds digit of o?
1
Let d(a) = 3*a**2 + 3*a - 6. Let i(s) = s**3 - s**2 + 4. Let l be i(0). Let q be d(l). What is the units digit of 155/9 + (-12)/q?
7
Suppose -4*l = -2*g - 3*l + 393, 5*g = -3*l + 977. What is the hundreds digit of g?
1
Suppose 3 - 5 = c, -4*t = -5*c - 22. Suppose t*w = 5*w. Suppose 2*k - 22 - 174 = -4*m, w = -2*m + 3*k + 114. What is the tens digit of m?
5
Let r be (-3)/5 - 10422/30. What is the hundreds digit of (r/(-8) + -5)*4?
1
What is the units digit of (1/4)/((-5)/20)*-887?
7
Let z(n) = -n**3 - 7*n**2 - 7*n - 2. Let h be z(-7). Suppose -h = -v - o, v - 43 = o + 12. Let c = 78 - v. What is the units digit of c?
7
Let b(j) = -46*j - 10. Let h be b(-3). Suppose o + 3*y - 39 = h, 4 = 2*y. What is the tens digit of o?
6
Let b(p) be the third derivative of 3*p**5/10 - 5*p**4/24 + 7*p**2. What is the units digit of b(2)?
2
Suppose -9*a = -1067 - 436. What is the hundreds digit of a?
1
Suppose 3*z = -3*z - 6. Let q(c) = -57*c**3 + 2*c**2 + 3*c + 2. What is the units digit of q(z)?
8
Suppose 0 = 20*r - 659 - 1481. What is the hundreds digit of r?
1
Suppose 0 = -r - 1 + 6. Suppose r*s = -0 - 15. Let m(w) = -11*w + 7. What is the tens digit of m(s)?
4
Suppose h = 3*c + 2*h + 6, 3*c - 4*h - 9 = 0. What is the units digit of 78 - c - (-2 - -2)?
9
Suppose h = 3*d + 94 + 286, 6 = -3*d. What is the units digit of (h/(-55))/(2/(-10))?
4
Let h be 32/3*(-24)/(-16). Let f = h - 11. Suppose 20 = f*g - 4*g. What is the tens digit of g?
2
Let a be 1 - 74/(0 - 1). Let y = 27 - -22. Suppose -5*s + 0 = 5*o - a, 2*o - y = -3*s. What is the tens digit of s?
1
Let h be (-2 - -1) + 0 - (-71 - -27). Let k = h - 23. What is the units digit of k?
0
Let z = -3021 + 6416. What is the hundreds digit of z?
3
Let g be ((-1)/4)/((-13)/52)*-77. Let k = 61 - g. What is the hundreds digit of k?
1
Let d(v) = 3*v**2 - 2*v. Let u be d(-3). Suppose 2*w = w + u. Suppose -3*k - w - 46 = -5*m, -3*m - k + 39 = 0. What is the tens digit of m?
1
Suppose -6006 = 7*g - 21*g. What is the tens digit of g?
2
Let g be ((-32)/(-20))/(2*(-3)/(-165)). Suppose 0 = 42*z - g*z + 216. What is the tens digit of z?
0
Let k(f) = -4*f**2 - 1 + 5*f**2 - f + 8*f**2 - 3*f. What is the tens digit of k(3)?
6
Let p = 373 + 713. What is the units digit of p?
6
Let g = -6 - -13. Suppose -l - 3 = -g. Let c(v) = v**3 - 5*v - 1. What is the units digit of c(l)?
3
Let a = -1438 - -2393. What is the units digit of a?
5
Let w = -3 - -9. Let s be w/(-9*1/(-6)). Suppose 2*g = -t + 40, -g + 2*t = -s*g + 61. What is the units digit of g?
9
Let h(q) = q**3 + 2*q**2 - 5*q - 4. Let c be h(-3). Let o(t) = 6 - c*t - 4 - 4*t. What is the tens digit of o(-4)?
2
What is the units digit of ((-1)/(-2))/(28/3416)?
1
Let k(h) = 4*h**2 + 2*h. Let j be k(-1). Suppose 4*w - 18 = j*w. What is the units digit of 3/9*w + 46?
9
Suppose 4*x = 2*x + k, 0 = -3*k + 12. Suppose -x*z + 135 + 169 = 0. What is the tens digit of z?
5
Suppose -4*v - 2*q + 2254 = 0, -16*v + 12*v - 3*q + 2259 = 0. What is the units digit of v?
1
Let s(j) = j**2 + 5*j - 5. Let z be (-68)/(-10) - 1*5/(-25). What is the tens digit of s(z)?
7
Let z be (1 - -3 - 3)*5. Let h(q) = z*q + 7*q + q**2 - 7 - 4*q. What is the units digit of h(-12)?
1
Suppose 0 = l + 26 - 645. What is the hundreds digit of l?
6
Suppose 0 = -3*h - h + 4*g + 3620, -3632 = -4*h + g. What is the hundreds digit of h?
9
Suppose 3*p - 27 = -5*w + 2, -3*w + 27 = 3*p. What is the units digit of p/32 - 327/(-4)?
2
Suppose 0 = 18*l - 20*l - 30. What is the units digit of 1/(-2)*-15*(-126)/l?
3
Let x be (-1 - (1 + 1)) + -3. Let l be 9/x*4/(-2). Suppose -l*z + 21 = -87. What is the tens digit of z?
3
Let t be (-1 - -3)*1/2. Let j(z) = 19*z + 1. Let h be j(t). Let q = h + 3. What is the tens digit of q?
2
Let h(l) = -l**3 + l - 6. Let f be h(0). What is the tens digit of 100/8 - f/(-4)?
1
Suppose -f - 6*f = -84. What is the tens digit of (((-200)/f)/5)/(2/(-108))?
8
What is the units digit of -1 - ((4 - -1) + -370 + 3)?
1
Let c(q) = -q**2 + 3*q - 2. Let v be c(2). Let m = 2 + v. Suppose m*r - 1 = 5. What is the units digit of r?
3
Suppose 1 = v - 3. Suppose -v*x = -4*q - 64 - 264, 3*q = x - 72. What is the tens digit of x?
8
Suppose -3*i = -0*i - 6. Suppose -3*d = -2*r + 2*d - i, -29 = -r - 5*d. What is the units digit of r?
9
Suppose -3*y = 2*y - 535. Suppose 49 + y = 2*l. What is the tens digit of l?
7
Let w = -9 + 4. Let z(y) = -y**2 - 7*y + 2. Let a be z(w). Suppose 3*f = -b + a, -5*b + 30 = f - 30. What is the units digit of b?
2
Let j(q) = -q**3 - 3*q**2 - 5*q - 3. Let v be j(-4). Let k = v - 18. Let x = 35 - k. What is the units digit of x?
0
Suppose -4*b - 3*k - 15 = 2*k, -2*k = -4*b + 6. Suppose b = -7*i + 2*i - 10, -2*p + 22 = -i. Suppose 2*x - 12 = p. What is the tens digit of x?
1
Let u be 71 - (6/3)/(-2) - 0. Suppose -b + u = 8. What is the tens digit of b?
6
Let t(s) = 202*s + 9. What is the units digit of t(2)?
3
Let q be (12/(-7))/((-8)/28). Suppose q*n - 68 = 2*n. What is the units digit of n?
7
Let u(r) = -15*r**3 - 6*r**2 - 5*r - 13. What is the hundreds digit of u(-3)?
3
Let y(t) = 2*t**3. Let f be y(1). Let u(z) be the third derivative of z**6/120 + z**4/24 - z**3/3 - 40*z**2. What is the units digit of u(f)?
8
Suppose -2*u = 4*m + 2, m - 2*m = -5*u - 27. Suppose m = -0*q - q + 2*v, 3*v - 3 = -q. What is the units digit of 4*(5 + -3 + q)?
8
Suppose -p + 7 = 8. Let m(w) be the first derivative of -10*w**2 + 2*w - 1. What is the units digit of m(p)?
2
Let q(x) = -x + 4. Let r be q(5). Let b = r + 82. Let d = 125 - b. What is the tens digit of d?
4
Suppose 0 = -3*j - 3, -z + 2*z - 840 = -2*j. What is the hundreds digit of z?
8
Let t be -1 + 0 + 1 - -5. Let f(g) be the first derivative of g**3/3 - g**2/2 + 11*g - 2. What is the units digit of f(t)?
1
Suppose 2*k = -k - 21. Let w = 16 + k. Suppose 0 = -4*b - 4*u + 84, -1 = -2*u - w. What is the tens digit of b?
2
Let u = 146 + -151. Let x(h) = 6*h**3 - h**2 + 3*h + 1. Let d(p) = p**3 - p**2 - 1. Let l(z) = 5*d(z) - x(z). What is the tens digit of l(u)?
3
Let v = 789 - 830. Let g = -87 + 147. Let l = g + v. What is the units digit of l?
9
Let a be 991 - ((2 - 4) + 1). Suppose -a = -4*n - 112. What is the hundreds digit of n?
2
Suppose 2*f - 3034 + 110 = 0. What is the thousands digit of f?
1
Let i(u) = -u**3 + 14*u**2 + 14*u + 16. Let j be i(15). What is the units digit of -34 + 267 - (j + 5/(-1))?
7
What is the units digit of 1630/3 - (-1)/(-3)?
3
Let h(w) = w**3 + 4*w**2 - 6*w - 2. Let f be h(-5). Let d be (0 - 4) + (f - 4). Let k = d - -17. What is the tens digit of k?
1
Suppose 4*f - 5*f = 0. Suppose 3*y = 4*r - 12, -2*r + f*y - y + 6 = 0. What is the units digit of r?
3
Let d(n) be the third derivative of 7*n**4/24 + 25*n**2. What is the tens digit of d(4)?
2
Let u(y) = 16*y**2 + 3*y + 1. Let v(g) = 33*g**2 + 7*g + 2. Let p(h) = 5*u(h) - 2*v(h). What is the units digit of p(-2)?
5
Suppose -3*k + 50 = -409. Suppose -2*z - v + 86 = -185, 0 = -z + 3*v + k. What is the hundreds digit of z?
1
Let c = 80 - 84. What is the units digit of (-923 + 3)/(-4) + c?
6
Let k = 50 + -46. Suppose k*n = 5*b + 297, -1 = 4*b - 13. What is the tens digit of n?
7
Let h(r) = -r**3 - 12*r**2 - 7*r - 12. Let b be (-194)/16 - 1/(-8). What is the units digit of h(b)?
2
Suppose -112 = -4*z + 44. Let i = z - -10. What is the units digit of i?
9
Let f(z) = 3*z - 16. Let x be f(8). What is the tens digit of ((-12)/x - -2)*122?
6
Suppose 2*u + 0*b = 2*b + 900, 0 = u - 4*b - 453. Let v = -316 + u. What is the units digit of v?
3
Suppose 0*r - 4*r = 0. Suppose 5*c + 2*d - 208 = r, -2*d = -c - 0*d + 44. What is the units digit of c?
2
Let g(d) = -4*d + 5*d + 4 - 8 - 3. Let o be g(11). Suppose 0 = 5*x + o*a - 8*a - 127, 4*x - 101 = 3*a. What is the units